{"id":286,"date":"2026-03-31T09:21:03","date_gmt":"2026-03-31T09:21:03","guid":{"rendered":"http:\/\/frontsideseguros.pt\/?page_id=286"},"modified":"2026-03-31T09:45:00","modified_gmt":"2026-03-31T09:45:00","slug":"ins","status":"publish","type":"page","link":"https:\/\/frontsideseguros.pt\/?page_id=286","title":{"rendered":"Institucional"},"content":{"rendered":"\t\t<div data-elementor-type=\"wp-page\" data-elementor-id=\"286\" class=\"elementor elementor-286\" data-elementor-post-type=\"page\">\n\t\t\t\t<div class=\"elementor-element elementor-element-ee6a22a e-flex e-con-boxed e-con e-parent\" data-id=\"ee6a22a\" data-element_type=\"container\" data-e-type=\"container\">\n\t\t\t\t\t<div class=\"e-con-inner\">\n\t\t\t\t<div class=\"elementor-element elementor-element-cf5bb96 e-n-tabs-mobile elementor-widget elementor-widget-n-tabs\" data-id=\"cf5bb96\" data-element_type=\"widget\" data-e-type=\"widget\" data-settings=\"{&quot;horizontal_scroll&quot;:&quot;disable&quot;}\" data-widget_type=\"nested-tabs.default\">\n\t\t\t\t\t\t\t<div class=\"e-n-tabs\" data-widget-number=\"217430934\" aria-label=\"Tabs. Open items with Enter or Space, close with Escape and navigate using the Arrow keys.\">\n\t\t\t<div class=\"e-n-tabs-heading\" role=\"tablist\">\n\t\t\t\t\t<button id=\"e-n-tab-title-2174309341\" data-tab-title-id=\"e-n-tab-title-2174309341\" class=\"e-n-tab-title\" aria-selected=\"true\" data-tab-index=\"1\" role=\"tab\" tabindex=\"0\" aria-controls=\"e-n-tab-content-2174309341\" style=\"--n-tabs-title-order: 1;\">\n\t\t\t\t\t\t<span class=\"e-n-tab-title-text\">\n\t\t\t\t2025\t\t\t<\/span>\n\t\t<\/button>\n\t\t\t\t\t<\/div>\n\t\t\t<div class=\"e-n-tabs-content\">\n\t\t\t\t<div id=\"e-n-tab-content-2174309341\" role=\"tabpanel\" aria-labelledby=\"e-n-tab-title-2174309341\" data-tab-index=\"1\" style=\"--n-tabs-title-order: 1;\" class=\"e-active elementor-element elementor-element-7126f88 e-con-full e-flex e-con e-child\" data-id=\"7126f88\" data-element_type=\"container\" data-e-type=\"container\">\n\t\t\t\t<div class=\"elementor-element elementor-element-fc53b07 elementor-widget elementor-widget-text-editor\" data-id=\"fc53b07\" data-element_type=\"widget\" data-e-type=\"widget\" data-widget_type=\"text-editor.default\">\n\t\t\t\t\t\t\t\t\t<p><a href=\"https:\/\/frontsideseguros.pt\/wp-content\/uploads\/PDF\/2025\/NBSeguros-DemonstraesFinanceirasde2025.pdf\">Demostra\u00e7\u00e3o Financeira<\/a><\/p><p>\u00a0<\/p>\t\t\t\t\t\t\t\t<\/div>\n\t\t\t\t<div class=\"elementor-element elementor-element-64a3efc elementor-widget elementor-widget-text-editor\" data-id=\"64a3efc\" data-element_type=\"widget\" data-e-type=\"widget\" data-widget_type=\"text-editor.default\">\n\t\t\t\t\t\t\t\t\t<p><a href=\"https:\/\/frontsideseguros.pt\/wp-content\/uploads\/PDF\/2025\/RelatrioGestoNBSeguros-RelatriodeGestode2025.pdf\">Relat\u00f3rio de Contas<\/a><\/p>\t\t\t\t\t\t\t\t<\/div>\n\t\t\t\t<\/div>\n\t\t\t\t\t<\/div>\n\t\t<\/div>\n\t\t\t\t\t\t<\/div>\n\t\t\t\t\t<\/div>\n\t\t\t\t<\/div>\n\t\t<div class=\"elementor-element elementor-element-d7fe0fc e-flex e-con-boxed e-con e-parent\" data-id=\"d7fe0fc\" data-element_type=\"container\" data-e-type=\"container\">\n\t\t\t\t\t<div class=\"e-con-inner\">\n\t\t\t\t\t<\/div>\n\t\t\t\t<\/div>\n\t\t\t\t<\/div>\n\t\t","protected":false},"excerpt":{"rendered":"<p>2025 Demostra\u00e7\u00e3o Financeira \u00a0 Relat\u00f3rio de Contas Demostra\u00e7\u00e3o Financeira \u00a0 Relat\u00f3rio de Contas<\/p>\n","protected":false},"author":1,"featured_media":0,"parent":0,"menu_order":0,"comment_status":"closed","ping_status":"closed","template":"","meta":{"_angie_page":false,"footnotes":""},"class_list":["post-286","page","type-page","status-publish","hentry"],"_links":{"self":[{"href":"https:\/\/frontsideseguros.pt\/index.php?rest_route=\/wp\/v2\/pages\/286","targetHints":{"allow":["GET"]}}],"collection":[{"href":"https:\/\/frontsideseguros.pt\/index.php?rest_route=\/wp\/v2\/pages"}],"about":[{"href":"https:\/\/frontsideseguros.pt\/index.php?rest_route=\/wp\/v2\/types\/page"}],"author":[{"embeddable":true,"href":"https:\/\/frontsideseguros.pt\/index.php?rest_route=\/wp\/v2\/users\/1"}],"replies":[{"embeddable":true,"href":"https:\/\/frontsideseguros.pt\/index.php?rest_route=%2Fwp%2Fv2%2Fcomments&post=286"}],"version-history":[{"count":12,"href":"https:\/\/frontsideseguros.pt\/index.php?rest_route=\/wp\/v2\/pages\/286\/revisions"}],"predecessor-version":[{"id":304,"href":"https:\/\/frontsideseguros.pt\/index.php?rest_route=\/wp\/v2\/pages\/286\/revisions\/304"}],"wp:attachment":[{"href":"https:\/\/frontsideseguros.pt\/index.php?rest_route=%2Fwp%2Fv2%2Fmedia&parent=286"}],"curies":[{"name":"wp","href":"https:\/\/api.w.org\/{rel}","templated":true}]}}